5*d**3 + 7*d**2 - 5*d - 1. Let l(o) = 11*o**3 - 15*o**2 + 11*o + 2. Let c(f) = 6*l(f) + 13*r(f). What are the prime factors of c(1)?
2
Suppose -3 = 4*v - 15. Suppose v*c + c = 120. What are the prime factors of c?
2, 3, 5
Suppose -2*k + 2*f = -18, f + 33 = 2*k - 4*f. List the prime factors of k - 2 - (-7 - 1).
2, 5
Let x(t) = -2*t - 6. Let z be x(-4). Let k(l) = -l + 2. Let y be k(z). Suppose y = -0*b + b - 11. List the prime factors of b.
11
Let y(c) = -c**2 + 13*c + 2. List the prime factors of y(6).
2, 11
Let u = 2 + 3. Suppose -3*q = -2*x + u, q - 9 = x - 3*x. What are the prime factors of 10 + (3 - q) + -2?
2, 5
Let a(c) = c**2 - 2*c - 3. What are the prime factors of a(-2)?
5
Let f be 4/(-3)*12/(-8). What are the prime factors of 7*2 + 6/f?
17
Suppose 0 = 15*n - 732 - 1563. List the prime factors of n.
3, 17
Suppose 0 = 6*l - 3*l - 66. Let o = l - 6. List the prime factors of o.
2
Let z be (4 - (-84)/(-16))*52. Let s(k) = -k**3 + 2*k**2 + k - 1. Let i be s(2). List the prime factors of 1/i*z/(-5).
13
Suppose -5*h + 128 = -h. Let m be (1/(-3) - 0)*-57. Let v = h - m. List the prime factors of v.
13
Let y(g) = -6*g**3 - 3*g**2 - 4*g - 1. List the prime factors of y(-3).
2, 73
Let m be (3/2)/3*-6. Suppose 2*d - 3 - 4 = 5*n, 5*d - 10 = 5*n. What are the prime factors of (m/(-2) - d)*14?
7
Let x(c) = 19*c**2 + c - 2. Let f(b) = b - 1. Let a(j) = -3*f(j) + x(j). Let v be a(1). List the prime factors of (-2)/(-9) - (-86)/v.
5
Suppose 0*a + 35 = 5*a. Suppose 2*z - a*z = -105. What are the prime factors of z?
3, 7
Let i = 283 - 58. What are the prime factors of i?
3, 5
Let u(j) = 3*j - 2. Let d be u(-13). Let c = 83 + d. What are the prime factors of c?
2, 3, 7
Let n(o) = 6*o**2 - 1. Let u be n(-1). Let h be ((-69)/6)/((-1)/2). Suppose -u*q = -h - 27. List the prime factors of q.
2, 5
Let g = 47 + -13. What are the prime factors of g?
2, 17
Let l(r) = -r**2 - 2*r + 5. Suppose y - 5*y - 16 = 0. Let p be l(y). Let t(m) = m**3 + 4*m**2 + 2*m + 3. List the prime factors of t(p).
2, 3
Let p be (14/(-5))/((-3)/(-45)). Let o = p - -62. List the prime factors of o.
2, 5
Let w(d) = d**3 + d**2 + 46. Let r be w(0). Let f = 122 - 52. Suppose 3*u - m - r = -15, 0 = -5*u - 2*m + f. What are the prime factors of u?
2, 3
Let v(y) be the first derivative of 2*y + 1/2*y**2 - 2. List the prime factors of v(7).
3
Let v(j) = -j**3 + 6*j**2 - j - 3. Let o(d) = -d + 10. Let x be o(5). What are the prime factors of v(x)?
17
Let k be (-6)/15 - 141/(-15). Let r = k + -4. Suppose 3*z - r = 13. List the prime factors of z.
2, 3
Let w = 2 + 11. What are the prime factors of w?
13
Let v = -3 + 13. Suppose v = l + 4*l. What are the prime factors of l?
2
Suppose -3*i - 45 = -2*s, -2*i = -0*s + s - 5. What are the prime factors of s?
3, 5
Suppose -12 = 4*m + 12. Let y = m + 5. List the prime factors of (-33)/(-3) - (0 + y).
2, 3
Let g(z) = z + 3. Let x be g(-6). Suppose 8*d = 2*u + 5*d - 17, 5*d = -2*u + 41. Let w = x + u. What are the prime factors of w?
2, 5
Let j(v) = -3*v**3 - 6*v**2 + 7*v - 5. Let s(m) = 7*m**3 + 11*m**2 - 13*m + 10. Let g(t) = -5*j(t) - 2*s(t). List the prime factors of g(-9).
5
Let p(g) = g + 2. Let h be p(3). Suppose -2*r + 29 = 2*b - 3*b, h*b + 9 = 2*r. List the prime factors of r.
17
Suppose 3*c - 60 = -t - 3*t, 2*t - 2*c = 16. Let b = 6 + t. Let w = b - 1. List the prime factors of w.
17
Let k be 4/(-8)*16/(-1). Let p be (k/(-6))/((-1)/(-9)). Let y = p + 17. What are the prime factors of y?
5
Suppose 5*p - 2*p - 99 = 0. List the prime factors of p.
3, 11
Suppose 3*v - 5*v = -134. Let l = v - 22. List the prime factors of l.
3, 5
Let v(o) = o + 13. Let n = 1 + -10. Let w be v(n). List the prime factors of 3/2*w/3.
2
Let g(z) be the first derivative of -9*z**4/2 - z**2 - z + 1. List the prime factors of g(-1).
19
Let h(t) = -6*t**3 - t**2 - 3*t - 1. List the prime factors of h(-2).
7
Let q = 0 - -2. List the prime factors of (-31)/2*-1*q.
31
Suppose -w - 37 = -4*l + 4*w, -l = -3*w - 18. Suppose 3*d = -y - 9, 0 = 5*y + d + 2*d - l. What are the prime factors of y?
3
Suppose 977 = 14*c - 1081. List the prime factors of c.
3, 7
Suppose -22 = -r - 4*l, 0*r + 3*r - 3*l = 21. List the prime factors of 188/r - (-2)/10.
19
Let h(l) be the second derivative of l**3/6 - l**2/2 + 5*l. What are the prime factors of h(15)?
2, 7
Let h be (-12)/8 + (-9)/(-2). Let j = 7 - h. Let p(f) = f**2 - f - 5. What are the prime factors of p(j)?
7
Let b = 77 + -56. What are the prime factors of b?
3, 7
List the prime factors of (-46265)/(-171) + (-4)/(-9).
271
Let n(g) = 3*g + 2. Let z be n(-2). Let x be 0/(-2) + (-6 - z). What are the prime factors of 11 + 0 + (-4 - x)?
3
Let k(n) = -n**3 - 4*n**2 + 3*n - 7. Let s be k(-5). Suppose -3*j = s*y - 0*j - 39, j = 5. What are the prime factors of y?
2
Suppose 291 = -o + 4*o. What are the prime factors of o?
97
Suppose 0 = -0*l - l + 33. List the prime factors of l.
3, 11
Let v = -22 - -8. Let b = v + 39. What are the prime factors of b?
5
Suppose -7*b + 2*b = -20. Suppose t = 2*t + 4, -4*t = b*y - 72. Let n = y + -12. What are the prime factors of n?
2, 5
Let b(f) be the first derivative of -f**2/2 - 2*f - 1. Let s be b(-4). Suppose y - 17 = -2*h, 0 = -2*y + s*h + 15 + 19. What are the prime factors of y?
17
Suppose 0 = -30*g + 25*g + 630. What are the prime factors of g?
2, 3, 7
List the prime factors of 216/21 + (-12)/42.
2, 5
Let f(u) = -2*u - 11. Let l be f(-8). Let d(y) = y**3 - 5*y**2 - 1. Let h be d(l). List the prime factors of h/(0 - 1/11).
11
Let k(a) = -7*a**2 - a + 6. Let s(y) = -20*y**2 - 3*y + 17. Let h(x) = 17*k(x) - 6*s(x). Suppose -2*d + 4 = 2*d. List the prime factors of h(d).
2
Let n(t) = -t**2 + 3*t - 1. Let h be n(3). Let w be h/(4/5 + -1). Suppose -6 - 19 = -w*g. List the prime factors of g.
5
Suppose 5*k = 13 - 3. Let w(h) = -h**2 - 3*h + 4. Let z be w(-3). Let o = z - k. What are the prime factors of o?
2
Suppose 0 = -5*k + 3*w + 209, -3*k - w + 119 = 2. What are the prime factors of k?
2, 5
Suppose 4 = i - 0. Suppose i*x = 148 - 20. Suppose 0 = 3*v + 3*t - 6 - 9, -x = -4*v - t. List the prime factors of v.
3
Let k = -43 - -141. What are the prime factors of k?
2, 7
Let y(f) = -3*f - 10. Let z = -3 + 1. Let l be 7/(-2*z/(-4)). What are the prime factors of y(l)?
11
Let n be ((-2)/(-5))/(1/(-15)). Let c = -13 - n. Let h = c + 18. List the prime factors of h.
11
Let o be (-30)/(-8) + (-21)/28. Suppose 0 = -0*y + o*y - 3, -2*q + 64 = 4*y. What are the prime factors of q?
2, 3, 5
List the prime factors of (3/(-6))/((-1)/86).
43
Let x(h) = h + 8. Let p be x(-6). Suppose -6 = p*w + 18. Let l = -8 - w. What are the prime factors of l?
2
Let c be (55/(-3))/(2/(-6)). Let y = c + -27. Let j = y - 14. What are the prime factors of j?
2, 7
Let y(n) = -n - 6. Let p be y(-8). Let s(j) = 4*j**2 + 4*j - 4. List the prime factors of s(p).
2, 5
What are the prime factors of -4 - -2 - (-36 - (4 + -7))?
31
What are the prime factors of (9 - 7) + 24 + 0?
2, 13
Let i be 92/5 + (-6)/15. Let q(x) = x**3 - 3*x**2 - 5*x + 6. Let j be q(4). Suppose -j*u = u - i. List the prime factors of u.
2, 3
Let q(r) = r**2 + 4*r - 17. What are the prime factors of q(-7)?
2
Suppose -h + 34 = -12. Suppose -m + 3*m - h = 0. Suppose 0 = -w - v + 10, w - v - m = -5. List the prime factors of w.
2, 7
Suppose r - 2*s = 253, -5*r - 4*s = -r - 988. What are the prime factors of r?
3, 83
Let s = 79 + -38. What are the prime factors of s?
41
Suppose 7*o - 3*o + 32 = -3*j, -4*o = -2*j + 32. Let g(u) = u**3 + 9*u**2 + 7*u - 4. Let c be g(o). Suppose 3*s - c*s = -10. What are the prime factors of s?
2, 5
Let n = -4 + 23. Suppose -5*p - n = -139. List the prime factors of p.
2, 3
Suppose 5*h = 5*j - 295, 68 = -2*h - 4*j - 68. Let y be 6/(-3)*h/4. Suppose -y = -2*c + 5. What are the prime factors of c?
2, 3
Let i(t) = -t + 3. Suppose -4*s + 4*o + 20 = 0, 0 = -2*s - o - 2*o. Suppose -s - 15 = 3*c. List the prime factors of i(c).
3
Suppose -3*s = 12, 0 = t - 4*t + 5*s + 20. List the prime factors of (t/(-4) - -14) + 1.
3, 5
Let j(d) = -d**3 + 3*d**2 + 4*d + 1. Let m be j(3). Suppose -3*l - i = -30, l + i + 1 - m = 0. Suppose 3*v - l = 9. What are the prime factors of v?
2, 3
Suppose 8*n + n = 891. List the prime factors of n.
3, 11
Let q(j) = -j**2 + 9*j - 2. L